. Suppose -g + 52 = 57. Let s be t(g). Calculate the greatest common factor of s and 22.
22
Let w(s) = 15*s**2 + 21*s - 1. Let v be w(-9). Suppose b + 3*m = 344, 3*b + m - v = -m. What is the greatest common factor of b and 31?
31
Let s(m) = 8*m - 12. Let v(b) = -b**3 + 3*b**2 + 8*b - 4. Let l be v(5). Let n be s(l). Let f = 300 + n. Calculate the highest common factor of 22 and f.
22
Suppose 235*z - 95766 - 274544 = 761450. Calculate the highest common divisor of z and 112.
112
Let d = 168 + -157. Let y(t) = t + 38. Let p be y(d). Suppose -28 = -0*r - 4*r. What is the greatest common factor of r and p?
7
Let p(o) = 15 + 11*o - 37 - 98. Let w be p(12). What is the greatest common divisor of w and 408?
12
Suppose w + 2*w = 72. Let z(u) = 16*u + 30. Let p be z(9). Suppose -20*y = -p + 54. What is the greatest common divisor of y and w?
6
Let h(n) = 7*n + 20. Let a be h(0). Suppose -a*c + 230 = -170. What is the greatest common factor of 540 and c?
20
Let a be 73 - ((-6)/4)/(3/8). Let t = 84 - a. Calculate the greatest common factor of 14 and t.
7
Let u = -2780 - -9696. What is the highest common factor of u and 399?
133
Let p = 3473 - 2231. Calculate the greatest common factor of 4830 and p.
138
Let o(s) = -s**2 + 11*s - 18. Let u be o(8). Let y be (-3)/u*((4 - 1) + -1). Let l be y/(-2) - (-5)/(10/9). What is the greatest common divisor of 35 and l?
5
Suppose -3*y + 490 = -4*n, 69 = -4*n + 89. Calculate the greatest common divisor of y and 3485.
85
Let y(h) = -h**3 - 99*h**2 + 107*h + 710. Let g be y(-100). What is the greatest common factor of g and 130?
10
Suppose 375 = -9*z + 87. Let v be z/(-2) + (0/(-14))/5. Calculate the highest common factor of 40 and v.
8
Let b be ((-9)/1)/(60/(-200)). Calculate the highest common divisor of b and 205.
5
Let q(a) = 3*a**3 - 5*a**2 + 5*a - 7. Let i be q(3). Suppose -192*r - 48 = -195*r. Calculate the greatest common factor of r and i.
4
Let y(o) = 4*o**3 - 2*o**2 - 11*o - 6. Let i be y(5). Suppose -20*n = -i - 211. What is the greatest common factor of n and 24?
6
Let m be (-473)/44 + (-9)/(-12). Let g be (9/6)/((-3)/m). Calculate the highest common divisor of g and 315.
5
Suppose 0*v + 23*v - 9269 = -8*v. Calculate the greatest common divisor of 208 and v.
13
Let v(j) = 30*j + 395. Let r be v(-13). Let n be -10 + 16 + (2 - -17). What is the highest common factor of n and r?
5
Let p(a) be the first derivative of 23*a**2/2 - 30*a - 119. Suppose 0 = -0*b + 5*b - 15. Let l be p(b). What is the highest common factor of l and 26?
13
Suppose -4*n = 5*x - 18040, -5*x - 16565 = -4*n + 1435. Calculate the greatest common divisor of n and 530.
265
Let o = 9341 - 9328. What is the highest common divisor of 3 and o?
1
Suppose -444*w = 121*w - 19210. Calculate the greatest common divisor of 799 and w.
17
Suppose -16 = -3*s - s. Let z be 9 + (23/115 - 62/10). Suppose z*x + 8 = s*x. What is the greatest common divisor of 8 and x?
8
Let h be (-27 + 22)/(20/(-56)). Calculate the highest common factor of 11844 and h.
14
Let r = 60 - -40. Let l = -6459 - -6484. Calculate the greatest common factor of r and l.
25
Suppose -k = 3*t - 12, 3*t - 12 = -0*k - 5*k. Suppose n = -t*n + 875. Suppose 12*i = n + 749. Calculate the greatest common factor of i and 11.
11
Suppose -3*m + 17 = 2, 2 = 4*y - 2*m. Suppose -3*q - 5*w + 33 = 0, 3*q - 8 = y*w + 49. What is the greatest common divisor of q and 16?
16
Suppose -7*v + 87 = 17. Suppose -v = 3*m - 31. Calculate the highest common divisor of 56 and m.
7
Suppose 6*n - 2*n + 2*c = 428, 2*n - c - 218 = 0. What is the greatest common divisor of 486 and n?
54
Let c = -283 + 684. Let r be (-6)/(-21)*c - 3/(-7). What is the greatest common factor of r and 46?
23
Suppose -5*m + 115 = -2*s, -26 - 104 = -5*m + 5*s. Suppose -2*x + 3*q + 39 = -0*x, 2*x - 2*q - 40 = 0. What is the highest common divisor of x and m?
21
Let t(j) = 3*j - 54. Let z be t(16). Let c(i) = i**3 + 8*i**2 - 5*i + 15. Let y be c(z). Calculate the greatest common factor of 78 and y.
39
Let i = -8205 - -8538. What is the highest common factor of 2109 and i?
111
Suppose 26*b - 33612 = -6*b + 81492. What is the highest common divisor of b and 6?
3
Suppose 4*g = 4*d - 10072, 5*d - 2*g - 15723 + 3142 = 0. Calculate the greatest common divisor of 15 and d.
5
Let r(u) = u**2 + 8*u. Let m be r(8). Let l(s) = 5*s**2 + 417*s + 3480. Let d be l(-74). What is the greatest common factor of d and m?
2
Let x be (-1*73)/(-8*31/9176). Calculate the highest common factor of x and 657.
73
Let s be (10/8)/((-1391)/(-38948)). Calculate the greatest common divisor of s and 20965.
35
Let f(m) = 2*m**3 - 28*m**2 + 6. Let i be f(14). Let n be (-3)/i - (-420)/8. Calculate the greatest common divisor of n and 8.
4
Let i be 3 + 1/(4 - (3 - -2)). Suppose 305 = -i*h + 1169. Calculate the highest common factor of 54 and h.
54
Let x be 48/(-1*(2 + 2) + 108/24). Calculate the highest common divisor of 48864 and x.
96
Suppose -413 = -32*g + 1891. Calculate the highest common divisor of g and 1170.
18
Let f = -410 - -414. Suppose f*g = 11*k - 14*k + 303, -273 = -4*g + 3*k. What is the greatest common factor of 18 and g?
18
Let i = -4712 + 4872. Calculate the greatest common factor of 20320 and i.
160
Let a be 594/21*27/(297/18788). What is the greatest common factor of 122 and a?
122
Let i(b) = -b**2 + 18*b - 72. Let t be -2 + 9 + -24 + 25. Let d be i(t). What is the highest common factor of 344 and d?
8
Suppose 1620 = -2351*d + 2378*d. Calculate the greatest common divisor of 735 and d.
15
Let l(y) = 2*y**2 + 8*y - 21. Let i be l(-11). Let p(n) = n + n**2 + i - 56 - 59. Let g be p(0). Calculate the highest common factor of 2 and g.
2
Suppose 59*l + 8412 - 44520 = 0. Calculate the greatest common divisor of l and 102.
102
Let g = 36444 - 35130. What is the highest common divisor of 12045 and g?
219
Suppose -19 = -3*j + 53. Let r(d) = -11*d - 30. Let l be -9 + (-10 - -1)/(-3). Let c be r(l). What is the greatest common factor of c and j?
12
Let d be (-222)/(-8) + (-2439)/(-1084). Calculate the highest common divisor of d and 1420.
10
Let m be ((-629)/34)/(-37)*166. What is the highest common factor of 35773 and m?
83
Let o be 3*(-8 - 1624/(-210))*125/(-2). Suppose -4*s + 3*t = -163, -2*s - t + 5 = -74. What is the greatest common divisor of o and s?
10
Let q be 343 + 117/(-18)*2. Calculate the highest common divisor of q and 720.
30
Let u be (-7 + 2 - -4)*-25. Suppose -16*w = -u*w + 315. Calculate the greatest common divisor of 20 and w.
5
Suppose -z = -4*w - 25, -4*z + 5*w + 34 + 55 = 0. Let u = 11 - z. Let p = -2 - u. What is the greatest common divisor of p and 64?
8
Suppose 14*h - 62641 = -13025. Calculate the highest common factor of h and 8.
8
Let b = 631 + -549. Suppose -4*d - m + 403 = -b, 2*m = -d + 130. What is the greatest common factor of 264 and d?
24
Let o(u) = u**3 + 71*u**2 - 77*u + 225. Let f be o(-72). What is the highest common factor of f and 273?
39
Suppose 274*p - 276*p + 2*v + 574 = 0, -2*v + 578 = 2*p. Calculate the highest common divisor of 528 and p.
48
Suppose -33 = -5*a - 18. Suppose 24 = -a*m + 7*m. Suppose -j + 24 = 4*k, -j + k = -m*j + 120. What is the highest common divisor of j and 6?
6
Let p = -25309 + 25406. What is the highest common factor of p and 28421?
97
Suppose -3*t + 69 = -2*r, 4*r - 50 = -t - 13. Let f = 45 - t. Suppose 11*d - 15*d = -240. Calculate the greatest common factor of d and f.
20
Suppose 3*q - 88 = -q. Suppose 504 = 2*k - 5*x, -8 = -114*x + 116*x. What is the greatest common factor of q and k?
22
Suppose 4*m = y + 328, -3*m - 19*y = -15*y - 265. Calculate the highest common divisor of m and 8051.
83
Suppose 0*v + 7 = r - v, 2 = -2*v. Let b(g) = 2*g**3 - 12*g**2 + 5*g + 10. Let k be b(r). What is the greatest common divisor of k and 30?
10
Let k(l) = -6*l. Let u be k(-1). Let o(c) = -2*c + 19. Let g be o(u). Suppose -g*a + 141 = -139. Calculate the highest common factor of 10 and a.
10
Suppose 0 = 11*s - 2*s - 27. Suppose 1 = -s*c + 40. What is the greatest common divisor of c and 91?
13
Suppose -186*v = -2722203 - 2121237. Calculate the greatest common factor of v and 40.
40
Let a be -2 + -5 + 1 - -9. Suppose a*b - 6*b + 87 = 0. What is the highest common factor of 29 and b?
29
Let c = 3018 + -2986. Suppo